{"id":7750,"date":"2021-06-24T12:16:33","date_gmt":"2021-06-24T16:16:33","guid":{"rendered":"https:\/\/vinculacion.aiep.cl\/?page_id=7750"},"modified":"2025-05-16T14:22:48","modified_gmt":"2025-05-16T18:22:48","slug":"fomento-a-la-empleabilidad","status":"publish","type":"page","link":"https:\/\/vinculacion.aiep.cl\/index.php\/fomento-a-la-empleabilidad\/","title":{"rendered":"Fomento a la empleabilidad"},"content":{"rendered":"\t\t<div data-elementor-type=\"wp-page\" data-elementor-id=\"7750\" class=\"elementor elementor-7750\">\n\t\t\t\t\t\t<section class=\"elementor-section elementor-top-section elementor-element elementor-element-d76f73b elementor-section-boxed elementor-section-height-default elementor-section-height-default\" data-id=\"d76f73b\" data-element_type=\"section\" data-e-type=\"section\">\n\t\t\t\t\t\t<div class=\"elementor-container elementor-column-gap-default\">\n\t\t\t\t\t\t<\/div>\n\t\t<\/section>\n\t\t\t\t<section class=\"elementor-section elementor-top-section elementor-element elementor-element-251ce1f elementor-section-boxed elementor-section-height-default elementor-section-height-default\" data-id=\"251ce1f\" data-element_type=\"section\" data-e-type=\"section\">\n\t\t\t\t\t\t<div class=\"elementor-container elementor-column-gap-default\">\n\t\t\t\t\t<div class=\"elementor-column elementor-col-100 elementor-top-column elementor-element elementor-element-ce70a1c column-style-top column-top\" data-id=\"ce70a1c\" data-element_type=\"column\" data-e-type=\"column\" data-settings=\"{&quot;background_background&quot;:&quot;slideshow&quot;,&quot;background_slideshow_gallery&quot;:[],&quot;background_slideshow_loop&quot;:&quot;yes&quot;,&quot;background_slideshow_slide_duration&quot;:5000,&quot;background_slideshow_slide_transition&quot;:&quot;fade&quot;,&quot;background_slideshow_transition_duration&quot;:500}\">\n\t\t\t<div class=\"elementor-widget-wrap\">\n\t\t\t\t\t\t\t<\/div>\n\t\t<\/div>\n\t\t\t\t\t<\/div>\n\t\t<\/section>\n\t\t\t\t<section class=\"elementor-section elementor-top-section elementor-element elementor-element-eaf3327 elementor-section-boxed elementor-section-height-default elementor-section-height-default\" data-id=\"eaf3327\" data-element_type=\"section\" data-e-type=\"section\">\n\t\t\t\t\t\t<div class=\"elementor-container elementor-column-gap-default\">\n\t\t\t\t\t<div class=\"elementor-column elementor-col-66 elementor-top-column elementor-element elementor-element-7f1975f column-style-top column-top\" data-id=\"7f1975f\" data-element_type=\"column\" data-e-type=\"column\">\n\t\t\t<div class=\"elementor-widget-wrap elementor-element-populated\">\n\t\t\t\t\t\t<div class=\"elementor-element elementor-element-0ed9645 elementor-widget elementor-widget-heading\" data-id=\"0ed9645\" data-element_type=\"widget\" data-e-type=\"widget\" data-widget_type=\"heading.default\">\n\t\t\t\t<div class=\"elementor-widget-container\">\n\t\t\t\t\t<h2 class=\"elementor-heading-title elementor-size-default\">Impulso laboral para la sociedad<\/h2>\t\t\t\t<\/div>\n\t\t\t\t<\/div>\n\t\t\t\t<div class=\"elementor-element elementor-element-db0c121 elementor-widget elementor-widget-text-editor\" data-id=\"db0c121\" data-element_type=\"widget\" data-e-type=\"widget\" data-widget_type=\"text-editor.default\">\n\t\t\t\t<div class=\"elementor-widget-container\">\n\t\t\t\t\t\t\t\t\t<p>Este mecanismo busca promover el desarrollo de capital humano. Su objetivo es facilitar herramientas que ampl\u00eden y favorezcan las competencias laborales de las personas beneficiarias. A nivel interno, este mecanismo contribuye al logro del perfil de egreso, afianzar el sello formativo y aportar a la pertinencia de la oferta educativa. Sus l\u00edneas de acci\u00f3n son:<\/p><p>\u00b7 Formaci\u00f3n para el empleo, esta l\u00ednea se orienta a la nivelaci\u00f3n de competencias para personas sin educaci\u00f3n formal, favoreciendo su inserci\u00f3n y progresi\u00f3n laboral.<\/p><p>\u00b7 Capacitaci\u00f3n para el trabajo: esta l\u00ednea se orienta al desarrollo de competencias laborales espec\u00edficas, favoreciendo la profesionalizaci\u00f3n en \u00e1reas de amplio inter\u00e9s y\/o necesidad.<\/p>\t\t\t\t\t\t\t\t<\/div>\n\t\t\t\t<\/div>\n\t\t\t\t\t<\/div>\n\t\t<\/div>\n\t\t\t\t<div class=\"elementor-column elementor-col-33 elementor-top-column elementor-element elementor-element-7a4c0fd column-style-top column-top\" data-id=\"7a4c0fd\" data-element_type=\"column\" data-e-type=\"column\">\n\t\t\t<div class=\"elementor-widget-wrap elementor-element-populated\">\n\t\t\t\t\t\t<div class=\"elementor-element elementor-element-71f2b82 elementor-widget elementor-widget-image\" data-id=\"71f2b82\" data-element_type=\"widget\" data-e-type=\"widget\" data-widget_type=\"image.default\">\n\t\t\t\t<div class=\"elementor-widget-container\">\n\t\t\t\t\t\t\t\t\t\t\t\t\t\t\t<img fetchpriority=\"high\" decoding=\"async\" width=\"407\" height=\"500\" src=\"https:\/\/vinculacion.aiep.cl\/wp-content\/uploads\/2021\/06\/2empleabilidad.jpg\" class=\"attachment-full size-full wp-image-7589\" alt=\"\" \/>\t\t\t\t\t\t\t\t\t\t\t\t\t\t\t<\/div>\n\t\t\t\t<\/div>\n\t\t\t\t\t<\/div>\n\t\t<\/div>\n\t\t\t\t\t<\/div>\n\t\t<\/section>\n\t\t\t\t<section class=\"elementor-section elementor-top-section elementor-element elementor-element-3d820b0 elementor-section-full_width animated-fast elementor-section-height-default elementor-section-height-default elementor-invisible\" data-id=\"3d820b0\" data-element_type=\"section\" data-e-type=\"section\" data-settings=\"{&quot;animation&quot;:&quot;fadeIn&quot;}\">\n\t\t\t\t\t\t<div class=\"elementor-container elementor-column-gap-default\">\n\t\t\t\t\t<div class=\"elementor-column elementor-col-100 elementor-top-column elementor-element elementor-element-5aabcd4 column-style-top column-top\" data-id=\"5aabcd4\" data-element_type=\"column\" data-e-type=\"column\">\n\t\t\t<div class=\"elementor-widget-wrap elementor-element-populated\">\n\t\t\t\t\t\t<div class=\"elementor-element elementor-element-e408730 elementor-widget elementor-widget-spacer\" data-id=\"e408730\" data-element_type=\"widget\" data-e-type=\"widget\" data-widget_type=\"spacer.default\">\n\t\t\t\t<div class=\"elementor-widget-container\">\n\t\t\t\t\t\t\t<div class=\"elementor-spacer\">\n\t\t\t<div class=\"elementor-spacer-inner\"><\/div>\n\t\t<\/div>\n\t\t\t\t\t\t<\/div>\n\t\t\t\t<\/div>\n\t\t\t\t\t<\/div>\n\t\t<\/div>\n\t\t\t\t\t<\/div>\n\t\t<\/section>\n\t\t\t\t<section class=\"elementor-section elementor-top-section elementor-element elementor-element-09c8bd6 elementor-section-full_width elementor-section-height-default elementor-section-height-default elementor-invisible\" data-id=\"09c8bd6\" data-element_type=\"section\" data-e-type=\"section\" data-settings=\"{&quot;animation&quot;:&quot;zoomIn&quot;}\">\n\t\t\t\t\t\t<div class=\"elementor-container elementor-column-gap-default\">\n\t\t\t\t\t<div class=\"elementor-column elementor-col-33 elementor-top-column elementor-element elementor-element-ec4d895 column-style-top column-top\" data-id=\"ec4d895\" data-element_type=\"column\" data-e-type=\"column\">\n\t\t\t<div class=\"elementor-widget-wrap elementor-element-populated\">\n\t\t\t\t\t\t<div class=\"elementor-element elementor-element-f7b3d62 eael-flip-box--3d eael-flipbox-content-align-center eael-flipbox-img-default elementor-widget elementor-widget-eael-flip-box\" data-id=\"f7b3d62\" data-element_type=\"widget\" data-e-type=\"widget\" data-widget_type=\"eael-flip-box.default\">\n\t\t\t\t<div class=\"elementor-widget-container\">\n\t\t\t\t\t        <div class=\"eael-elements-flip-box-container eael-animate-flip eael-animate-right eael-content eael-flip-box-hover eael-flipbox-fixed-height eael-flipbox-dynamic\">\n\n            <a class=\"eael-elements-flip-box-flip-card\" href=\"https:\/\/vinculacion.aiep.cl\/index.php\/apoyo-a-pymes\/\">\n                <div class=\"eael-elements-flip-box-front-container\">\n                    \n                    \n                        <div class=\"eael-elements-slider-display-table\">\n                            <div class=\"eael-elements-flip-box-vertical-align\">\n                                <div class=\"eael-elements-flip-box-padding\">\n                                    <div class=\"eael-elements-flip-box-icon-image\">\n                                                                                    <img decoding=\"async\" class=\"eael-flipbox-image-as-icon\" src=\"https:\/\/vinculacion.aiep.cl\/wp-content\/uploads\/2021\/07\/pyme3.png\" alt=\"\">\n                                                                            <\/div>\n                                    <h4 class=\"eael-elements-flip-box-heading\">Apoyo a PYMES<\/h4>                                    <div class=\"eael-elements-flip-box-content\">\n\t                                                                        <\/div>\n                                <\/div>\n                            <\/div>\n                        <\/div>\n                                    <\/div>\n\n                <div class=\"eael-elements-flip-box-rear-container\">\n                                                                <div class=\"eael-elements-slider-display-table\">\n                            <div class=\"eael-elements-flip-box-vertical-align\">\n                                <div class=\"eael-elements-flip-box-padding\">\n                                                                                                            <div class=\"eael-elements-flip-box-content\">\n                                        <p style=\"text-align: center\"><span style=\"color: #ffffff\">Promovemos la competitividad de peque\u00f1as y medianas empresas constituidas en Chile, aportando mejoras a su gesti\u00f3n y\/o productividad<\/span><\/p>                                    <\/div>\n\n                                                                    <\/div>\n                            <\/div>\n                        <\/div>\n                                    <\/div>\n            <\/a>\n        <\/div>\n        \t\t\t\t<\/div>\n\t\t\t\t<\/div>\n\t\t\t\t\t<\/div>\n\t\t<\/div>\n\t\t\t\t<div class=\"elementor-column elementor-col-33 elementor-top-column elementor-element elementor-element-46dbdf9 column-style-top column-top\" data-id=\"46dbdf9\" data-element_type=\"column\" data-e-type=\"column\">\n\t\t\t<div class=\"elementor-widget-wrap elementor-element-populated\">\n\t\t\t\t\t\t<div class=\"elementor-element elementor-element-fc57c5d eael-flip-box--3d eael-flipbox-content-align-center eael-flipbox-img-default elementor-widget elementor-widget-eael-flip-box\" data-id=\"fc57c5d\" data-element_type=\"widget\" data-e-type=\"widget\" data-widget_type=\"eael-flip-box.default\">\n\t\t\t\t<div class=\"elementor-widget-container\">\n\t\t\t\t\t        <div class=\"eael-elements-flip-box-container eael-animate-flip eael-animate-right eael-content eael-flip-box-hover eael-flipbox-fixed-height eael-flipbox-dynamic\">\n\n            <a class=\"eael-elements-flip-box-flip-card\" href=\"https:\/\/vinculacion.aiep.cl\/index.php\/innovacion-y-emprendimiento\/\">\n                <div class=\"eael-elements-flip-box-front-container\">\n                    \n                    \n                        <div class=\"eael-elements-slider-display-table\">\n                            <div class=\"eael-elements-flip-box-vertical-align\">\n                                <div class=\"eael-elements-flip-box-padding\">\n                                    <div class=\"eael-elements-flip-box-icon-image\">\n                                                                                    <img decoding=\"async\" class=\"eael-flipbox-image-as-icon\" src=\"https:\/\/vinculacion.aiep.cl\/wp-content\/uploads\/2025\/04\/iconos-innova3.png\" alt=\"\">\n                                                                            <\/div>\n                                    <h4 class=\"eael-elements-flip-box-heading\">Innovaci\u00f3n y emprendimiento<\/h4>                                    <div class=\"eael-elements-flip-box-content\">\n\t                                                                        <\/div>\n                                <\/div>\n                            <\/div>\n                        <\/div>\n                                    <\/div>\n\n                <div class=\"eael-elements-flip-box-rear-container\">\n                                                                <div class=\"eael-elements-slider-display-table\">\n                            <div class=\"eael-elements-flip-box-vertical-align\">\n                                <div class=\"eael-elements-flip-box-padding\">\n                                                                                                            <div class=\"eael-elements-flip-box-content\">\n                                        <p style=\"text-align: center\"><span style=\"color: #ffffff\">Contribuimos a solucionar problem\u00e1ticas del sector productivo y distintos desaf\u00edos sociales<\/span><\/p>                                    <\/div>\n\n                                                                    <\/div>\n                            <\/div>\n                        <\/div>\n                                    <\/div>\n            <\/a>\n        <\/div>\n        \t\t\t\t<\/div>\n\t\t\t\t<\/div>\n\t\t\t\t\t<\/div>\n\t\t<\/div>\n\t\t\t\t<div class=\"elementor-column elementor-col-33 elementor-top-column elementor-element elementor-element-d4fdd0d column-style-top column-top\" data-id=\"d4fdd0d\" data-element_type=\"column\" data-e-type=\"column\">\n\t\t\t<div class=\"elementor-widget-wrap elementor-element-populated\">\n\t\t\t\t\t\t<div class=\"elementor-element elementor-element-beb0212 eael-flip-box--3d eael-flipbox-content-align-center eael-flipbox-img-default elementor-widget elementor-widget-eael-flip-box\" data-id=\"beb0212\" data-element_type=\"widget\" data-e-type=\"widget\" data-widget_type=\"eael-flip-box.default\">\n\t\t\t\t<div class=\"elementor-widget-container\">\n\t\t\t\t\t        <div class=\"eael-elements-flip-box-container eael-animate-flip eael-animate-right eael-content eael-flip-box-hover eael-flipbox-fixed-height eael-flipbox-dynamic\">\n\n            <a class=\"eael-elements-flip-box-flip-card\" href=\"https:\/\/vinculacion.aiep.cl\/index.php\/compromiso-comunitario\/\">\n                <div class=\"eael-elements-flip-box-front-container\">\n                    \n                    \n                        <div class=\"eael-elements-slider-display-table\">\n                            <div class=\"eael-elements-flip-box-vertical-align\">\n                                <div class=\"eael-elements-flip-box-padding\">\n                                    <div class=\"eael-elements-flip-box-icon-image\">\n                                                                                    <img decoding=\"async\" class=\"eael-flipbox-image-as-icon\" src=\"https:\/\/vinculacion.aiep.cl\/wp-content\/uploads\/2024\/12\/Compromiso.png\" alt=\"\">\n                                                                            <\/div>\n                                    <h4 class=\"eael-elements-flip-box-heading\">Compromiso comunitario<\/h4>                                    <div class=\"eael-elements-flip-box-content\">\n\t                                                                        <\/div>\n                                <\/div>\n                            <\/div>\n                        <\/div>\n                                    <\/div>\n\n                <div class=\"eael-elements-flip-box-rear-container\">\n                                                                <div class=\"eael-elements-slider-display-table\">\n                            <div class=\"eael-elements-flip-box-vertical-align\">\n                                <div class=\"eael-elements-flip-box-padding\">\n                                                                                                            <div class=\"eael-elements-flip-box-content\">\n                                        <p style=\"text-align: center\">Este mecanismo busca contribuir al desarrollo y calidad de vida de la poblaci\u00f3n<\/p>                                    <\/div>\n\n                                                                    <\/div>\n                            <\/div>\n                        <\/div>\n                                    <\/div>\n            <\/a>\n        <\/div>\n        \t\t\t\t<\/div>\n\t\t\t\t<\/div>\n\t\t\t\t\t<\/div>\n\t\t<\/div>\n\t\t\t\t\t<\/div>\n\t\t<\/section>\n\t\t\t\t<\/div>\n\t\t","protected":false},"excerpt":{"rendered":"<p>Impulso laboral para la sociedad Este mecanismo busca promover el desarrollo de capital humano. Su objetivo es facilitar herramientas que ampl\u00eden y favorezcan las competencias laborales de las personas beneficiarias. A nivel interno, este mecanismo contribuye al logro del perfil de egreso, afianzar el sello formativo y aportar a la pertinencia de la oferta educativa. [&hellip;]<\/p>\n","protected":false},"author":1,"featured_media":0,"parent":0,"menu_order":0,"comment_status":"closed","ping_status":"closed","template":"","meta":{"footnotes":""},"class_list":["post-7750","page","type-page","status-publish","hentry"],"yoast_head":"<!-- This site is optimized with the Yoast SEO plugin v26.8 - https:\/\/yoast.com\/product\/yoast-seo-wordpress\/ -->\n<title>Fomento a la empleabilidad - Vinculaci\u00f3n con el Medio AIEP<\/title>\n<meta name=\"robots\" content=\"index, follow, max-snippet:-1, max-image-preview:large, max-video-preview:-1\" \/>\n<link rel=\"canonical\" href=\"https:\/\/vinculacion.aiep.cl\/index.php\/fomento-a-la-empleabilidad\/\" \/>\n<meta property=\"og:locale\" content=\"es_ES\" \/>\n<meta property=\"og:type\" content=\"article\" \/>\n<meta property=\"og:title\" content=\"Fomento a la empleabilidad - Vinculaci\u00f3n con el Medio AIEP\" \/>\n<meta property=\"og:description\" content=\"Impulso laboral para la sociedad Este mecanismo busca promover el desarrollo de capital humano. Su objetivo es facilitar herramientas que ampl\u00eden y favorezcan las competencias laborales de las personas beneficiarias. A nivel interno, este mecanismo contribuye al logro del perfil de egreso, afianzar el sello formativo y aportar a la pertinencia de la oferta educativa. [&hellip;]\" \/>\n<meta property=\"og:url\" content=\"https:\/\/vinculacion.aiep.cl\/index.php\/fomento-a-la-empleabilidad\/\" \/>\n<meta property=\"og:site_name\" content=\"Vinculaci\u00f3n con el Medio AIEP\" \/>\n<meta property=\"article:modified_time\" content=\"2025-05-16T18:22:48+00:00\" \/>\n<meta property=\"og:image\" content=\"https:\/\/vinculacion.aiep.cl\/wp-content\/uploads\/2021\/06\/2empleabilidad.jpg\" \/>\n\t<meta property=\"og:image:width\" content=\"407\" \/>\n\t<meta property=\"og:image:height\" content=\"500\" \/>\n\t<meta property=\"og:image:type\" content=\"image\/jpeg\" \/>\n<meta name=\"twitter:card\" content=\"summary_large_image\" \/>\n<meta name=\"twitter:label1\" content=\"Tiempo de lectura\" \/>\n\t<meta name=\"twitter:data1\" content=\"2 minutos\" \/>\n<script type=\"application\/ld+json\" class=\"yoast-schema-graph\">{\"@context\":\"https:\/\/schema.org\",\"@graph\":[{\"@type\":\"WebPage\",\"@id\":\"https:\/\/vinculacion.aiep.cl\/index.php\/fomento-a-la-empleabilidad\/\",\"url\":\"https:\/\/vinculacion.aiep.cl\/index.php\/fomento-a-la-empleabilidad\/\",\"name\":\"Fomento a la empleabilidad - Vinculaci\u00f3n con el Medio AIEP\",\"isPartOf\":{\"@id\":\"https:\/\/vinculacion.aiep.cl\/#website\"},\"primaryImageOfPage\":{\"@id\":\"https:\/\/vinculacion.aiep.cl\/index.php\/fomento-a-la-empleabilidad\/#primaryimage\"},\"image\":{\"@id\":\"https:\/\/vinculacion.aiep.cl\/index.php\/fomento-a-la-empleabilidad\/#primaryimage\"},\"thumbnailUrl\":\"https:\/\/vinculacion.aiep.cl\/wp-content\/uploads\/2021\/06\/2empleabilidad.jpg\",\"datePublished\":\"2021-06-24T16:16:33+00:00\",\"dateModified\":\"2025-05-16T18:22:48+00:00\",\"breadcrumb\":{\"@id\":\"https:\/\/vinculacion.aiep.cl\/index.php\/fomento-a-la-empleabilidad\/#breadcrumb\"},\"inLanguage\":\"es\",\"potentialAction\":[{\"@type\":\"ReadAction\",\"target\":[\"https:\/\/vinculacion.aiep.cl\/index.php\/fomento-a-la-empleabilidad\/\"]}]},{\"@type\":\"ImageObject\",\"inLanguage\":\"es\",\"@id\":\"https:\/\/vinculacion.aiep.cl\/index.php\/fomento-a-la-empleabilidad\/#primaryimage\",\"url\":\"https:\/\/vinculacion.aiep.cl\/wp-content\/uploads\/2021\/06\/2empleabilidad.jpg\",\"contentUrl\":\"https:\/\/vinculacion.aiep.cl\/wp-content\/uploads\/2021\/06\/2empleabilidad.jpg\",\"width\":407,\"height\":500},{\"@type\":\"BreadcrumbList\",\"@id\":\"https:\/\/vinculacion.aiep.cl\/index.php\/fomento-a-la-empleabilidad\/#breadcrumb\",\"itemListElement\":[{\"@type\":\"ListItem\",\"position\":1,\"name\":\"Home\",\"item\":\"https:\/\/vinculacion.aiep.cl\/\"},{\"@type\":\"ListItem\",\"position\":2,\"name\":\"Fomento a la empleabilidad\"}]},{\"@type\":\"WebSite\",\"@id\":\"https:\/\/vinculacion.aiep.cl\/#website\",\"url\":\"https:\/\/vinculacion.aiep.cl\/\",\"name\":\"Vinculaci\u00f3n con el medio\",\"description\":\"\",\"publisher\":{\"@id\":\"https:\/\/vinculacion.aiep.cl\/#organization\"},\"potentialAction\":[{\"@type\":\"SearchAction\",\"target\":{\"@type\":\"EntryPoint\",\"urlTemplate\":\"https:\/\/vinculacion.aiep.cl\/?s={search_term_string}\"},\"query-input\":{\"@type\":\"PropertyValueSpecification\",\"valueRequired\":true,\"valueName\":\"search_term_string\"}}],\"inLanguage\":\"es\"},{\"@type\":\"Organization\",\"@id\":\"https:\/\/vinculacion.aiep.cl\/#organization\",\"name\":\"Vinculaci\u00f3n AIEP\",\"url\":\"https:\/\/vinculacion.aiep.cl\/\",\"logo\":{\"@type\":\"ImageObject\",\"inLanguage\":\"es\",\"@id\":\"https:\/\/vinculacion.aiep.cl\/#\/schema\/logo\/image\/\",\"url\":\"https:\/\/vinculacion.aiep.cl\/wp-content\/uploads\/2024\/11\/logo-large.png\",\"contentUrl\":\"https:\/\/vinculacion.aiep.cl\/wp-content\/uploads\/2024\/11\/logo-large.png\",\"width\":500,\"height\":500,\"caption\":\"Vinculaci\u00f3n AIEP\"},\"image\":{\"@id\":\"https:\/\/vinculacion.aiep.cl\/#\/schema\/logo\/image\/\"}}]}<\/script>\n<!-- \/ Yoast SEO plugin. -->","yoast_head_json":{"title":"Fomento a la empleabilidad - Vinculaci\u00f3n con el Medio AIEP","robots":{"index":"index","follow":"follow","max-snippet":"max-snippet:-1","max-image-preview":"max-image-preview:large","max-video-preview":"max-video-preview:-1"},"canonical":"https:\/\/vinculacion.aiep.cl\/index.php\/fomento-a-la-empleabilidad\/","og_locale":"es_ES","og_type":"article","og_title":"Fomento a la empleabilidad - Vinculaci\u00f3n con el Medio AIEP","og_description":"Impulso laboral para la sociedad Este mecanismo busca promover el desarrollo de capital humano. Su objetivo es facilitar herramientas que ampl\u00eden y favorezcan las competencias laborales de las personas beneficiarias. A nivel interno, este mecanismo contribuye al logro del perfil de egreso, afianzar el sello formativo y aportar a la pertinencia de la oferta educativa. [&hellip;]","og_url":"https:\/\/vinculacion.aiep.cl\/index.php\/fomento-a-la-empleabilidad\/","og_site_name":"Vinculaci\u00f3n con el Medio AIEP","article_modified_time":"2025-05-16T18:22:48+00:00","og_image":[{"width":407,"height":500,"url":"https:\/\/vinculacion.aiep.cl\/wp-content\/uploads\/2021\/06\/2empleabilidad.jpg","type":"image\/jpeg"}],"twitter_card":"summary_large_image","twitter_misc":{"Tiempo de lectura":"2 minutos"},"schema":{"@context":"https:\/\/schema.org","@graph":[{"@type":"WebPage","@id":"https:\/\/vinculacion.aiep.cl\/index.php\/fomento-a-la-empleabilidad\/","url":"https:\/\/vinculacion.aiep.cl\/index.php\/fomento-a-la-empleabilidad\/","name":"Fomento a la empleabilidad - Vinculaci\u00f3n con el Medio AIEP","isPartOf":{"@id":"https:\/\/vinculacion.aiep.cl\/#website"},"primaryImageOfPage":{"@id":"https:\/\/vinculacion.aiep.cl\/index.php\/fomento-a-la-empleabilidad\/#primaryimage"},"image":{"@id":"https:\/\/vinculacion.aiep.cl\/index.php\/fomento-a-la-empleabilidad\/#primaryimage"},"thumbnailUrl":"https:\/\/vinculacion.aiep.cl\/wp-content\/uploads\/2021\/06\/2empleabilidad.jpg","datePublished":"2021-06-24T16:16:33+00:00","dateModified":"2025-05-16T18:22:48+00:00","breadcrumb":{"@id":"https:\/\/vinculacion.aiep.cl\/index.php\/fomento-a-la-empleabilidad\/#breadcrumb"},"inLanguage":"es","potentialAction":[{"@type":"ReadAction","target":["https:\/\/vinculacion.aiep.cl\/index.php\/fomento-a-la-empleabilidad\/"]}]},{"@type":"ImageObject","inLanguage":"es","@id":"https:\/\/vinculacion.aiep.cl\/index.php\/fomento-a-la-empleabilidad\/#primaryimage","url":"https:\/\/vinculacion.aiep.cl\/wp-content\/uploads\/2021\/06\/2empleabilidad.jpg","contentUrl":"https:\/\/vinculacion.aiep.cl\/wp-content\/uploads\/2021\/06\/2empleabilidad.jpg","width":407,"height":500},{"@type":"BreadcrumbList","@id":"https:\/\/vinculacion.aiep.cl\/index.php\/fomento-a-la-empleabilidad\/#breadcrumb","itemListElement":[{"@type":"ListItem","position":1,"name":"Home","item":"https:\/\/vinculacion.aiep.cl\/"},{"@type":"ListItem","position":2,"name":"Fomento a la empleabilidad"}]},{"@type":"WebSite","@id":"https:\/\/vinculacion.aiep.cl\/#website","url":"https:\/\/vinculacion.aiep.cl\/","name":"Vinculaci\u00f3n con el medio","description":"","publisher":{"@id":"https:\/\/vinculacion.aiep.cl\/#organization"},"potentialAction":[{"@type":"SearchAction","target":{"@type":"EntryPoint","urlTemplate":"https:\/\/vinculacion.aiep.cl\/?s={search_term_string}"},"query-input":{"@type":"PropertyValueSpecification","valueRequired":true,"valueName":"search_term_string"}}],"inLanguage":"es"},{"@type":"Organization","@id":"https:\/\/vinculacion.aiep.cl\/#organization","name":"Vinculaci\u00f3n AIEP","url":"https:\/\/vinculacion.aiep.cl\/","logo":{"@type":"ImageObject","inLanguage":"es","@id":"https:\/\/vinculacion.aiep.cl\/#\/schema\/logo\/image\/","url":"https:\/\/vinculacion.aiep.cl\/wp-content\/uploads\/2024\/11\/logo-large.png","contentUrl":"https:\/\/vinculacion.aiep.cl\/wp-content\/uploads\/2024\/11\/logo-large.png","width":500,"height":500,"caption":"Vinculaci\u00f3n AIEP"},"image":{"@id":"https:\/\/vinculacion.aiep.cl\/#\/schema\/logo\/image\/"}}]}},"_links":{"self":[{"href":"https:\/\/vinculacion.aiep.cl\/index.php\/wp-json\/wp\/v2\/pages\/7750","targetHints":{"allow":["GET"]}}],"collection":[{"href":"https:\/\/vinculacion.aiep.cl\/index.php\/wp-json\/wp\/v2\/pages"}],"about":[{"href":"https:\/\/vinculacion.aiep.cl\/index.php\/wp-json\/wp\/v2\/types\/page"}],"author":[{"embeddable":true,"href":"https:\/\/vinculacion.aiep.cl\/index.php\/wp-json\/wp\/v2\/users\/1"}],"replies":[{"embeddable":true,"href":"https:\/\/vinculacion.aiep.cl\/index.php\/wp-json\/wp\/v2\/comments?post=7750"}],"version-history":[{"count":106,"href":"https:\/\/vinculacion.aiep.cl\/index.php\/wp-json\/wp\/v2\/pages\/7750\/revisions"}],"predecessor-version":[{"id":12192,"href":"https:\/\/vinculacion.aiep.cl\/index.php\/wp-json\/wp\/v2\/pages\/7750\/revisions\/12192"}],"wp:attachment":[{"href":"https:\/\/vinculacion.aiep.cl\/index.php\/wp-json\/wp\/v2\/media?parent=7750"}],"curies":[{"name":"wp","href":"https:\/\/api.w.org\/{rel}","templated":true}]}}