{"id":9509,"date":"2022-12-28T15:30:36","date_gmt":"2022-12-28T18:30:36","guid":{"rendered":"https:\/\/vinculacion.aiep.cl\/?page_id=9509"},"modified":"2025-05-15T10:36:57","modified_gmt":"2025-05-15T14:36:57","slug":"red-de-as","status":"publish","type":"page","link":"https:\/\/vinculacion.aiep.cl\/index.php\/red-de-as\/","title":{"rendered":"Red de A+S"},"content":{"rendered":"\t\t<div data-elementor-type=\"wp-page\" data-elementor-id=\"9509\" class=\"elementor elementor-9509\">\n\t\t\t\t\t\t<section class=\"elementor-section elementor-top-section elementor-element elementor-element-22d11a6 elementor-section-boxed elementor-section-height-default elementor-section-height-default\" data-id=\"22d11a6\" data-element_type=\"section\" data-e-type=\"section\">\n\t\t\t\t\t\t<div class=\"elementor-container elementor-column-gap-default\">\n\t\t\t\t\t<div class=\"elementor-column elementor-col-100 elementor-top-column elementor-element elementor-element-9160b5f column-style-top column-top\" data-id=\"9160b5f\" data-element_type=\"column\" data-e-type=\"column\">\n\t\t\t<div class=\"elementor-widget-wrap elementor-element-populated\">\n\t\t\t\t\t\t<div class=\"elementor-element elementor-element-b483d77 elementor-widget elementor-widget-spacer\" data-id=\"b483d77\" data-element_type=\"widget\" data-e-type=\"widget\" data-widget_type=\"spacer.default\">\n\t\t\t\t<div class=\"elementor-widget-container\">\n\t\t\t\t\t\t\t<div class=\"elementor-spacer\">\n\t\t\t<div class=\"elementor-spacer-inner\"><\/div>\n\t\t<\/div>\n\t\t\t\t\t\t<\/div>\n\t\t\t\t<\/div>\n\t\t\t\t<div class=\"elementor-element elementor-element-170f5dc elementor-widget elementor-widget-heading\" data-id=\"170f5dc\" data-element_type=\"widget\" data-e-type=\"widget\" data-widget_type=\"heading.default\">\n\t\t\t\t<div class=\"elementor-widget-container\">\n\t\t\t\t\t<h2 class=\"elementor-heading-title elementor-size-default\">Red A+S de educaci\u00f3n t\u00e9cnico-profesional <\/h2>\t\t\t\t<\/div>\n\t\t\t\t<\/div>\n\t\t\t\t<div class=\"elementor-element elementor-element-1755fa7 elementor-widget elementor-widget-spacer\" data-id=\"1755fa7\" data-element_type=\"widget\" data-e-type=\"widget\" data-widget_type=\"spacer.default\">\n\t\t\t\t<div class=\"elementor-widget-container\">\n\t\t\t\t\t\t\t<div class=\"elementor-spacer\">\n\t\t\t<div class=\"elementor-spacer-inner\"><\/div>\n\t\t<\/div>\n\t\t\t\t\t\t<\/div>\n\t\t\t\t<\/div>\n\t\t\t\t\t<\/div>\n\t\t<\/div>\n\t\t\t\t\t<\/div>\n\t\t<\/section>\n\t\t\t\t<section class=\"elementor-section elementor-top-section elementor-element elementor-element-7347ecc elementor-section-boxed elementor-section-height-default elementor-section-height-default\" data-id=\"7347ecc\" data-element_type=\"section\" data-e-type=\"section\">\n\t\t\t\t\t\t<div class=\"elementor-container elementor-column-gap-default\">\n\t\t\t\t\t<div class=\"elementor-column elementor-col-100 elementor-top-column elementor-element elementor-element-51edff5 column-style-top column-top\" data-id=\"51edff5\" data-element_type=\"column\" data-e-type=\"column\">\n\t\t\t<div class=\"elementor-widget-wrap elementor-element-populated\">\n\t\t\t\t\t\t<div class=\"elementor-element elementor-element-65746a5 elementor-widget elementor-widget-eael-adv-tabs\" data-id=\"65746a5\" data-element_type=\"widget\" data-e-type=\"widget\" data-widget_type=\"eael-adv-tabs.default\">\n\t\t\t\t<div class=\"elementor-widget-container\">\n\t\t\t\t\t        <div data-scroll-on-click=\"no\" data-scroll-speed=\"300\" id=\"eael-advance-tabs-65746a5\" class=\"eael-advance-tabs eael-tabs-horizontal eael-tab-auto-active \" data-tabid=\"65746a5\">\n            <div class=\"eael-tabs-nav \">\n                <ul class=\"eael-tab-inline-icon\" role=\"tablist\">\n                                            <li id=\"quines-somos-\" class=\"inactive eael-tab-item-trigger eael-tab-nav-item\" aria-selected=\"true\" data-tab=\"1\" role=\"tab\" tabindex=\"0\" aria-controls=\"quines-somos--tab\" aria-expanded=\"false\">\n                            \n                                                                <i class=\"fas fa-users\"><\/i>                                                            \n                                                            <span class=\"eael-tab-title title-after-icon\" >Qui\u00e9nes Somos <\/span>                            \n                                                    <\/li>\n                                            <li id=\"propsito-\" class=\"inactive eael-tab-item-trigger eael-tab-nav-item\" aria-selected=\"false\" data-tab=\"2\" role=\"tab\" tabindex=\"-1\" aria-controls=\"propsito--tab\" aria-expanded=\"false\">\n                            \n                                                                <i class=\"far fa-star\"><\/i>                                                            \n                                                            <span class=\"eael-tab-title title-after-icon\" >Prop\u00f3sito <\/span>                            \n                                                    <\/li>\n                                            <li id=\"objetivos-\" class=\"inactive eael-tab-item-trigger eael-tab-nav-item\" aria-selected=\"false\" data-tab=\"3\" role=\"tab\" tabindex=\"-1\" aria-controls=\"objetivos--tab\" aria-expanded=\"false\">\n                            \n                                                                <i class=\"far fa-flag\"><\/i>                                                            \n                                                            <span class=\"eael-tab-title title-after-icon\" >Objetivos <\/span>                            \n                                                    <\/li>\n                    \n                                  <\/ul>\n            <\/div>\n            \n            <div class=\"eael-tabs-content\">\n\t\t        \n                    <div id=\"quines-somos--tab\" class=\"clearfix eael-tab-content-item inactive\" data-title-link=\"quines-somos--tab\">\n\t\t\t\t        <p class=\"x_MsoNormal x_FluidPluginCopy\"><span class=\"x_ContentPasted0\">La red A+S de educaci\u00f3n t\u00e9cnico-profesional, es un espacio colaborativo y de permanente intercambio, conformado por personas e instituciones t\u00e9cnico-profesionales interesadas y comprometidas con la metodolog\u00eda de aprendizaje y servicio.<\/span>\u00a0<\/p><p class=\"x_MsoNormal x_FluidPluginCopy\"><span class=\"x_ContentPasted0\">Valoramos el intercambio social y educativo del aprendizaje y servicio (Stanton, 1990) y reconocemos en la metodolog\u00eda una experiencia de aprendizaje significativa en la que estudiantes adquieren una mejor comprensi\u00f3n de los contenidos acad\u00e9micos aplicando competencias y conocimientos al beneficio de la sociedad (Furco, 1996).<\/span>\u00a0<\/p>                    <\/div>\n\t\t        \n                    <div id=\"propsito--tab\" class=\"clearfix eael-tab-content-item inactive\" data-title-link=\"propsito--tab\">\n\t\t\t\t        <p>Establecer v\u00ednculos entre personas e instituciones t\u00e9cnico-profesionales interesadas en la metodolog\u00eda de aprendizaje y servicio para (1) potenciar el desarrollo y alcance de la metodolog\u00eda, (2) fortalecer el reconocimiento de la educaci\u00f3n t\u00e9cnico-profesional en el entorno local.\u00a0<\/p>                    <\/div>\n\t\t        \n                    <div id=\"objetivos--tab\" class=\"clearfix eael-tab-content-item inactive\" data-title-link=\"objetivos--tab\">\n\t\t\t\t        <ul class=\"x_FluidPluginCopy\"><li><span class=\"x_ContentPasted0\">Desarrollar instancias de articulaci\u00f3n y an\u00e1lisis del aprendizaje y servicio en instituciones de educaci\u00f3n superior t\u00e9cnico-profesional<\/span>\u00a0<\/li><li><span class=\"x_ContentPasted0\">Compartir buenas pr\u00e1cticas en torno a la metodolog\u00eda de aprendizaje y servicio<\/span>\u00a0<\/li><li><span class=\"x_ContentPasted0\">Atender a las necesidades de la formaci\u00f3n t\u00e9cnico-profesional<\/span>\u00a0<\/li><li><span class=\"x_ContentPasted0\">Reflexionar sobre el aprendizaje y servicio como una metodolog\u00eda que conecta la docencia con la vinculaci\u00f3n con el medio<\/span>\u00a0<\/li><\/ul>                    <\/div>\n\t\t                    <\/div>\n        <\/div>\n\t\t\t\t<\/div>\n\t\t\t\t<\/div>\n\t\t\t\t<div class=\"elementor-element elementor-element-6e0a8d0 elementor-widget-divider--view-line elementor-widget elementor-widget-divider\" data-id=\"6e0a8d0\" data-element_type=\"widget\" data-e-type=\"widget\" data-widget_type=\"divider.default\">\n\t\t\t\t<div class=\"elementor-widget-container\">\n\t\t\t\t\t\t\t<div class=\"elementor-divider\">\n\t\t\t<span class=\"elementor-divider-separator\">\n\t\t\t\t\t\t<\/span>\n\t\t<\/div>\n\t\t\t\t\t\t<\/div>\n\t\t\t\t<\/div>\n\t\t\t\t\t<\/div>\n\t\t<\/div>\n\t\t\t\t\t<\/div>\n\t\t<\/section>\n\t\t\t\t<section class=\"elementor-section elementor-top-section elementor-element elementor-element-0f91056 elementor-section-boxed elementor-section-height-default elementor-section-height-default\" data-id=\"0f91056\" data-element_type=\"section\" data-e-type=\"section\">\n\t\t\t\t\t\t<div class=\"elementor-container elementor-column-gap-default\">\n\t\t\t\t\t<div class=\"elementor-column elementor-col-100 elementor-top-column elementor-element elementor-element-1f34ac7 column-style-top column-top\" data-id=\"1f34ac7\" data-element_type=\"column\" data-e-type=\"column\">\n\t\t\t<div class=\"elementor-widget-wrap elementor-element-populated\">\n\t\t\t\t\t\t<div class=\"elementor-element elementor-element-b4124da elementor-widget elementor-widget-spacer\" data-id=\"b4124da\" data-element_type=\"widget\" data-e-type=\"widget\" data-widget_type=\"spacer.default\">\n\t\t\t\t<div class=\"elementor-widget-container\">\n\t\t\t\t\t\t\t<div class=\"elementor-spacer\">\n\t\t\t<div class=\"elementor-spacer-inner\"><\/div>\n\t\t<\/div>\n\t\t\t\t\t\t<\/div>\n\t\t\t\t<\/div>\n\t\t\t\t<div class=\"elementor-element elementor-element-3ffa884 elementor-position-inline-start elementor-view-default elementor-mobile-position-block-start elementor-widget elementor-widget-icon-box\" data-id=\"3ffa884\" data-element_type=\"widget\" data-e-type=\"widget\" data-widget_type=\"icon-box.default\">\n\t\t\t\t<div class=\"elementor-widget-container\">\n\t\t\t\t\t\t\t<div class=\"elementor-icon-box-wrapper\">\n\n\t\t\t\t\t\t<div class=\"elementor-icon-box-icon\">\n\t\t\t\t<span  class=\"elementor-icon\">\n\t\t\t\t<i aria-hidden=\"true\" class=\"fas fa-handshake\"><\/i>\t\t\t\t<\/span>\n\t\t\t<\/div>\n\t\t\t\n\t\t\t\t\t\t<div class=\"elementor-icon-box-content\">\n\n\t\t\t\t\t\t\t\t\t<h3 class=\"elementor-icon-box-title\">\n\t\t\t\t\t\t<span  >\n\t\t\t\t\t\t\tC\u00f3mo ser parte de la Red:\t\t\t\t\t\t<\/span>\n\t\t\t\t\t<\/h3>\n\t\t\t\t\n\t\t\t\t\t\t\t\t\t<p class=\"elementor-icon-box-description\">\n\t\t\t\t\t\tInvitamos a todas las instituciones del subsistema de educaci\u00f3n superior t\u00e9cnico-profesional a ser parte de la red, as\u00ed como tambi\u00e9n a los liceos y colegios t\u00e9cnicos interesados en la metodolog\u00eda de aprendizaje y servicio.\nPara participar debe contactarnos a trav\u00e9s de <a href=\"mailto:vinculacion@aiep.cl\"><b>vinculacion@aiep.cl <\/b><\/a>\nPuedes revisar el seminario A+S donde se lanz\u00f3 la Red, en el <b>siguiente video<\/b>:\t\t\t\t\t<\/p>\n\t\t\t\t\n\t\t\t<\/div>\n\t\t\t\n\t\t<\/div>\n\t\t\t\t\t\t<\/div>\n\t\t\t\t<\/div>\n\t\t\t\t\t<\/div>\n\t\t<\/div>\n\t\t\t\t\t<\/div>\n\t\t<\/section>\n\t\t\t\t<section class=\"elementor-section elementor-top-section elementor-element elementor-element-0cb26d7 elementor-section-boxed elementor-section-height-default elementor-section-height-default\" data-id=\"0cb26d7\" data-element_type=\"section\" data-e-type=\"section\">\n\t\t\t\t\t\t<div class=\"elementor-container elementor-column-gap-default\">\n\t\t\t\t\t<div class=\"elementor-column elementor-col-100 elementor-top-column elementor-element elementor-element-bc2bec7 column-style-top column-top\" data-id=\"bc2bec7\" data-element_type=\"column\" data-e-type=\"column\">\n\t\t\t<div class=\"elementor-widget-wrap elementor-element-populated\">\n\t\t\t\t\t\t<div class=\"elementor-element elementor-element-932484f elementor-widget elementor-widget-spacer\" data-id=\"932484f\" data-element_type=\"widget\" data-e-type=\"widget\" data-widget_type=\"spacer.default\">\n\t\t\t\t<div class=\"elementor-widget-container\">\n\t\t\t\t\t\t\t<div class=\"elementor-spacer\">\n\t\t\t<div class=\"elementor-spacer-inner\"><\/div>\n\t\t<\/div>\n\t\t\t\t\t\t<\/div>\n\t\t\t\t<\/div>\n\t\t\t\t<div class=\"elementor-element elementor-element-73ce324 elementor-widget elementor-widget-video\" data-id=\"73ce324\" data-element_type=\"widget\" data-e-type=\"widget\" data-settings=\"{&quot;youtube_url&quot;:&quot;https:\\\/\\\/www.youtube.com\\\/watch?v=Jgr7oAgz4mI&quot;,&quot;video_type&quot;:&quot;youtube&quot;,&quot;controls&quot;:&quot;yes&quot;}\" data-widget_type=\"video.default\">\n\t\t\t\t<div class=\"elementor-widget-container\">\n\t\t\t\t\t\t\t<div class=\"elementor-wrapper elementor-open-inline\">\n\t\t\t<div class=\"elementor-video\"><\/div>\t\t<\/div>\n\t\t\t\t\t\t<\/div>\n\t\t\t\t<\/div>\n\t\t\t\t\t<\/div>\n\t\t<\/div>\n\t\t\t\t\t<\/div>\n\t\t<\/section>\n\t\t\t\t<section class=\"elementor-section elementor-top-section elementor-element elementor-element-1b169ef elementor-section-boxed elementor-section-height-default elementor-section-height-default\" data-id=\"1b169ef\" data-element_type=\"section\" data-e-type=\"section\">\n\t\t\t\t\t\t<div class=\"elementor-container elementor-column-gap-default\">\n\t\t\t\t\t<div class=\"elementor-column elementor-col-100 elementor-top-column elementor-element elementor-element-e1db395 column-style-top column-top\" data-id=\"e1db395\" data-element_type=\"column\" data-e-type=\"column\">\n\t\t\t<div class=\"elementor-widget-wrap elementor-element-populated\">\n\t\t\t\t\t\t<div class=\"elementor-element elementor-element-0f44cee elementor-widget elementor-widget-spacer\" data-id=\"0f44cee\" data-element_type=\"widget\" data-e-type=\"widget\" data-widget_type=\"spacer.default\">\n\t\t\t\t<div class=\"elementor-widget-container\">\n\t\t\t\t\t\t\t<div class=\"elementor-spacer\">\n\t\t\t<div class=\"elementor-spacer-inner\"><\/div>\n\t\t<\/div>\n\t\t\t\t\t\t<\/div>\n\t\t\t\t<\/div>\n\t\t\t\t\t<\/div>\n\t\t<\/div>\n\t\t\t\t\t<\/div>\n\t\t<\/section>\n\t\t\t\t<section class=\"elementor-section elementor-top-section elementor-element elementor-element-5b18af5 elementor-section-boxed elementor-section-height-default elementor-section-height-default\" data-id=\"5b18af5\" data-element_type=\"section\" data-e-type=\"section\">\n\t\t\t\t\t\t<div class=\"elementor-container elementor-column-gap-default\">\n\t\t\t\t\t<div class=\"elementor-column elementor-col-100 elementor-top-column elementor-element elementor-element-c080ae5 column-style-top column-top\" data-id=\"c080ae5\" data-element_type=\"column\" data-e-type=\"column\">\n\t\t\t<div class=\"elementor-widget-wrap elementor-element-populated\">\n\t\t\t\t\t\t<div class=\"elementor-element elementor-element-38fe810 elementor-widget elementor-widget-image\" data-id=\"38fe810\" data-element_type=\"widget\" data-e-type=\"widget\" data-widget_type=\"image.default\">\n\t\t\t\t<div class=\"elementor-widget-container\">\n\t\t\t\t\t\t\t\t\t\t\t\t\t\t\t<img fetchpriority=\"high\" decoding=\"async\" width=\"900\" height=\"507\" src=\"https:\/\/vinculacion.aiep.cl\/wp-content\/uploads\/2023\/03\/Instituciones-adscritas-a-la-Red-AS-new.jpg\" class=\"attachment-large size-large wp-image-9706\" alt=\"\" \/>\t\t\t\t\t\t\t\t\t\t\t\t\t\t\t<\/div>\n\t\t\t\t<\/div>\n\t\t\t\t\t<\/div>\n\t\t<\/div>\n\t\t\t\t\t<\/div>\n\t\t<\/section>\n\t\t\t\t<\/div>\n\t\t","protected":false},"excerpt":{"rendered":"<p>Red A+S de educaci\u00f3n t\u00e9cnico-profesional Qui\u00e9nes Somos Prop\u00f3sito Objetivos La red A+S de educaci\u00f3n t\u00e9cnico-profesional, es un espacio colaborativo y de permanente intercambio, conformado por personas e instituciones t\u00e9cnico-profesionales interesadas y comprometidas con la metodolog\u00eda de aprendizaje y servicio.\u00a0 Valoramos el intercambio social y educativo del aprendizaje y servicio (Stanton, 1990) y reconocemos en la [&hellip;]<\/p>\n","protected":false},"author":1,"featured_media":0,"parent":0,"menu_order":0,"comment_status":"closed","ping_status":"closed","template":"","meta":{"footnotes":""},"class_list":["post-9509","page","type-page","status-publish","hentry"],"yoast_head":"<!-- This site is optimized with the Yoast SEO plugin v26.8 - https:\/\/yoast.com\/product\/yoast-seo-wordpress\/ -->\n<title>Red de A+S - Vinculaci\u00f3n con el Medio AIEP<\/title>\n<meta name=\"robots\" content=\"index, follow, max-snippet:-1, max-image-preview:large, max-video-preview:-1\" \/>\n<link rel=\"canonical\" href=\"https:\/\/vinculacion.aiep.cl\/index.php\/red-de-as\/\" \/>\n<meta property=\"og:locale\" content=\"es_ES\" \/>\n<meta property=\"og:type\" content=\"article\" \/>\n<meta property=\"og:title\" content=\"Red de A+S - Vinculaci\u00f3n con el Medio AIEP\" \/>\n<meta property=\"og:description\" content=\"Red A+S de educaci\u00f3n t\u00e9cnico-profesional Qui\u00e9nes Somos Prop\u00f3sito Objetivos La red A+S de educaci\u00f3n t\u00e9cnico-profesional, es un espacio colaborativo y de permanente intercambio, conformado por personas e instituciones t\u00e9cnico-profesionales interesadas y comprometidas con la metodolog\u00eda de aprendizaje y servicio.\u00a0 Valoramos el intercambio social y educativo del aprendizaje y servicio (Stanton, 1990) y reconocemos en la [&hellip;]\" \/>\n<meta property=\"og:url\" content=\"https:\/\/vinculacion.aiep.cl\/index.php\/red-de-as\/\" \/>\n<meta property=\"og:site_name\" content=\"Vinculaci\u00f3n con el Medio AIEP\" \/>\n<meta property=\"article:modified_time\" content=\"2025-05-15T14:36:57+00:00\" \/>\n<meta property=\"og:image\" content=\"https:\/\/vinculacion.aiep.cl\/wp-content\/uploads\/2023\/03\/Instituciones-adscritas-a-la-Red-AS-new.jpg\" \/>\n\t<meta property=\"og:image:width\" content=\"1000\" \/>\n\t<meta property=\"og:image:height\" content=\"563\" \/>\n\t<meta property=\"og:image:type\" content=\"image\/jpeg\" \/>\n<meta name=\"twitter:card\" content=\"summary_large_image\" \/>\n<meta name=\"twitter:label1\" content=\"Tiempo de lectura\" \/>\n\t<meta name=\"twitter:data1\" content=\"2 minutos\" \/>\n<script type=\"application\/ld+json\" class=\"yoast-schema-graph\">{\"@context\":\"https:\/\/schema.org\",\"@graph\":[{\"@type\":\"WebPage\",\"@id\":\"https:\/\/vinculacion.aiep.cl\/index.php\/red-de-as\/\",\"url\":\"https:\/\/vinculacion.aiep.cl\/index.php\/red-de-as\/\",\"name\":\"Red de A+S - Vinculaci\u00f3n con el Medio AIEP\",\"isPartOf\":{\"@id\":\"https:\/\/vinculacion.aiep.cl\/#website\"},\"primaryImageOfPage\":{\"@id\":\"https:\/\/vinculacion.aiep.cl\/index.php\/red-de-as\/#primaryimage\"},\"image\":{\"@id\":\"https:\/\/vinculacion.aiep.cl\/index.php\/red-de-as\/#primaryimage\"},\"thumbnailUrl\":\"https:\/\/vinculacion.aiep.cl\/wp-content\/uploads\/2023\/03\/Instituciones-adscritas-a-la-Red-AS-new.jpg\",\"datePublished\":\"2022-12-28T18:30:36+00:00\",\"dateModified\":\"2025-05-15T14:36:57+00:00\",\"breadcrumb\":{\"@id\":\"https:\/\/vinculacion.aiep.cl\/index.php\/red-de-as\/#breadcrumb\"},\"inLanguage\":\"es\",\"potentialAction\":[{\"@type\":\"ReadAction\",\"target\":[\"https:\/\/vinculacion.aiep.cl\/index.php\/red-de-as\/\"]}]},{\"@type\":\"ImageObject\",\"inLanguage\":\"es\",\"@id\":\"https:\/\/vinculacion.aiep.cl\/index.php\/red-de-as\/#primaryimage\",\"url\":\"https:\/\/vinculacion.aiep.cl\/wp-content\/uploads\/2023\/03\/Instituciones-adscritas-a-la-Red-AS-new.jpg\",\"contentUrl\":\"https:\/\/vinculacion.aiep.cl\/wp-content\/uploads\/2023\/03\/Instituciones-adscritas-a-la-Red-AS-new.jpg\",\"width\":1000,\"height\":563},{\"@type\":\"BreadcrumbList\",\"@id\":\"https:\/\/vinculacion.aiep.cl\/index.php\/red-de-as\/#breadcrumb\",\"itemListElement\":[{\"@type\":\"ListItem\",\"position\":1,\"name\":\"Home\",\"item\":\"https:\/\/vinculacion.aiep.cl\/\"},{\"@type\":\"ListItem\",\"position\":2,\"name\":\"Red de A+S\"}]},{\"@type\":\"WebSite\",\"@id\":\"https:\/\/vinculacion.aiep.cl\/#website\",\"url\":\"https:\/\/vinculacion.aiep.cl\/\",\"name\":\"Vinculaci\u00f3n con el medio\",\"description\":\"\",\"publisher\":{\"@id\":\"https:\/\/vinculacion.aiep.cl\/#organization\"},\"potentialAction\":[{\"@type\":\"SearchAction\",\"target\":{\"@type\":\"EntryPoint\",\"urlTemplate\":\"https:\/\/vinculacion.aiep.cl\/?s={search_term_string}\"},\"query-input\":{\"@type\":\"PropertyValueSpecification\",\"valueRequired\":true,\"valueName\":\"search_term_string\"}}],\"inLanguage\":\"es\"},{\"@type\":\"Organization\",\"@id\":\"https:\/\/vinculacion.aiep.cl\/#organization\",\"name\":\"Vinculaci\u00f3n AIEP\",\"url\":\"https:\/\/vinculacion.aiep.cl\/\",\"logo\":{\"@type\":\"ImageObject\",\"inLanguage\":\"es\",\"@id\":\"https:\/\/vinculacion.aiep.cl\/#\/schema\/logo\/image\/\",\"url\":\"https:\/\/vinculacion.aiep.cl\/wp-content\/uploads\/2024\/11\/logo-large.png\",\"contentUrl\":\"https:\/\/vinculacion.aiep.cl\/wp-content\/uploads\/2024\/11\/logo-large.png\",\"width\":500,\"height\":500,\"caption\":\"Vinculaci\u00f3n AIEP\"},\"image\":{\"@id\":\"https:\/\/vinculacion.aiep.cl\/#\/schema\/logo\/image\/\"}}]}<\/script>\n<!-- \/ Yoast SEO plugin. -->","yoast_head_json":{"title":"Red de A+S - Vinculaci\u00f3n con el Medio AIEP","robots":{"index":"index","follow":"follow","max-snippet":"max-snippet:-1","max-image-preview":"max-image-preview:large","max-video-preview":"max-video-preview:-1"},"canonical":"https:\/\/vinculacion.aiep.cl\/index.php\/red-de-as\/","og_locale":"es_ES","og_type":"article","og_title":"Red de A+S - Vinculaci\u00f3n con el Medio AIEP","og_description":"Red A+S de educaci\u00f3n t\u00e9cnico-profesional Qui\u00e9nes Somos Prop\u00f3sito Objetivos La red A+S de educaci\u00f3n t\u00e9cnico-profesional, es un espacio colaborativo y de permanente intercambio, conformado por personas e instituciones t\u00e9cnico-profesionales interesadas y comprometidas con la metodolog\u00eda de aprendizaje y servicio.\u00a0 Valoramos el intercambio social y educativo del aprendizaje y servicio (Stanton, 1990) y reconocemos en la [&hellip;]","og_url":"https:\/\/vinculacion.aiep.cl\/index.php\/red-de-as\/","og_site_name":"Vinculaci\u00f3n con el Medio AIEP","article_modified_time":"2025-05-15T14:36:57+00:00","og_image":[{"width":1000,"height":563,"url":"https:\/\/vinculacion.aiep.cl\/wp-content\/uploads\/2023\/03\/Instituciones-adscritas-a-la-Red-AS-new.jpg","type":"image\/jpeg"}],"twitter_card":"summary_large_image","twitter_misc":{"Tiempo de lectura":"2 minutos"},"schema":{"@context":"https:\/\/schema.org","@graph":[{"@type":"WebPage","@id":"https:\/\/vinculacion.aiep.cl\/index.php\/red-de-as\/","url":"https:\/\/vinculacion.aiep.cl\/index.php\/red-de-as\/","name":"Red de A+S - Vinculaci\u00f3n con el Medio AIEP","isPartOf":{"@id":"https:\/\/vinculacion.aiep.cl\/#website"},"primaryImageOfPage":{"@id":"https:\/\/vinculacion.aiep.cl\/index.php\/red-de-as\/#primaryimage"},"image":{"@id":"https:\/\/vinculacion.aiep.cl\/index.php\/red-de-as\/#primaryimage"},"thumbnailUrl":"https:\/\/vinculacion.aiep.cl\/wp-content\/uploads\/2023\/03\/Instituciones-adscritas-a-la-Red-AS-new.jpg","datePublished":"2022-12-28T18:30:36+00:00","dateModified":"2025-05-15T14:36:57+00:00","breadcrumb":{"@id":"https:\/\/vinculacion.aiep.cl\/index.php\/red-de-as\/#breadcrumb"},"inLanguage":"es","potentialAction":[{"@type":"ReadAction","target":["https:\/\/vinculacion.aiep.cl\/index.php\/red-de-as\/"]}]},{"@type":"ImageObject","inLanguage":"es","@id":"https:\/\/vinculacion.aiep.cl\/index.php\/red-de-as\/#primaryimage","url":"https:\/\/vinculacion.aiep.cl\/wp-content\/uploads\/2023\/03\/Instituciones-adscritas-a-la-Red-AS-new.jpg","contentUrl":"https:\/\/vinculacion.aiep.cl\/wp-content\/uploads\/2023\/03\/Instituciones-adscritas-a-la-Red-AS-new.jpg","width":1000,"height":563},{"@type":"BreadcrumbList","@id":"https:\/\/vinculacion.aiep.cl\/index.php\/red-de-as\/#breadcrumb","itemListElement":[{"@type":"ListItem","position":1,"name":"Home","item":"https:\/\/vinculacion.aiep.cl\/"},{"@type":"ListItem","position":2,"name":"Red de A+S"}]},{"@type":"WebSite","@id":"https:\/\/vinculacion.aiep.cl\/#website","url":"https:\/\/vinculacion.aiep.cl\/","name":"Vinculaci\u00f3n con el medio","description":"","publisher":{"@id":"https:\/\/vinculacion.aiep.cl\/#organization"},"potentialAction":[{"@type":"SearchAction","target":{"@type":"EntryPoint","urlTemplate":"https:\/\/vinculacion.aiep.cl\/?s={search_term_string}"},"query-input":{"@type":"PropertyValueSpecification","valueRequired":true,"valueName":"search_term_string"}}],"inLanguage":"es"},{"@type":"Organization","@id":"https:\/\/vinculacion.aiep.cl\/#organization","name":"Vinculaci\u00f3n AIEP","url":"https:\/\/vinculacion.aiep.cl\/","logo":{"@type":"ImageObject","inLanguage":"es","@id":"https:\/\/vinculacion.aiep.cl\/#\/schema\/logo\/image\/","url":"https:\/\/vinculacion.aiep.cl\/wp-content\/uploads\/2024\/11\/logo-large.png","contentUrl":"https:\/\/vinculacion.aiep.cl\/wp-content\/uploads\/2024\/11\/logo-large.png","width":500,"height":500,"caption":"Vinculaci\u00f3n AIEP"},"image":{"@id":"https:\/\/vinculacion.aiep.cl\/#\/schema\/logo\/image\/"}}]}},"_links":{"self":[{"href":"https:\/\/vinculacion.aiep.cl\/index.php\/wp-json\/wp\/v2\/pages\/9509","targetHints":{"allow":["GET"]}}],"collection":[{"href":"https:\/\/vinculacion.aiep.cl\/index.php\/wp-json\/wp\/v2\/pages"}],"about":[{"href":"https:\/\/vinculacion.aiep.cl\/index.php\/wp-json\/wp\/v2\/types\/page"}],"author":[{"embeddable":true,"href":"https:\/\/vinculacion.aiep.cl\/index.php\/wp-json\/wp\/v2\/users\/1"}],"replies":[{"embeddable":true,"href":"https:\/\/vinculacion.aiep.cl\/index.php\/wp-json\/wp\/v2\/comments?post=9509"}],"version-history":[{"count":37,"href":"https:\/\/vinculacion.aiep.cl\/index.php\/wp-json\/wp\/v2\/pages\/9509\/revisions"}],"predecessor-version":[{"id":12167,"href":"https:\/\/vinculacion.aiep.cl\/index.php\/wp-json\/wp\/v2\/pages\/9509\/revisions\/12167"}],"wp:attachment":[{"href":"https:\/\/vinculacion.aiep.cl\/index.php\/wp-json\/wp\/v2\/media?parent=9509"}],"curies":[{"name":"wp","href":"https:\/\/api.w.org\/{rel}","templated":true}]}}